). Let j(w) = -p*w + 0*w + 7 + 8*w. Give j(-6).
-11
Let k(l) = -l**3 - l**2 - l + 1. Suppose 5*f = 2*f. Suppose -t - 3 = 2*b, 2 = -f*t + 4*t + b. Calculate k(t).
-2
Let c(p) = -4*p**3 + 2*p**2 + 3*p + 3. Let i = -22 - -17. Let k(o) = -o**3 - o**2 - o. Let y(j) = i*k(j) + c(j). Determine y(-6).
-9
Let q(b) be the first derivative of b**4/4 - 3*b**3 + 6*b**2 - 16*b - 60. Calculate q(8).
16
Let v(b) be the first derivative of -b**6/120 + b**5/12 - b**4/12 - 5*b**3/6 - 6*b**2 + 14. Let z(k) be the second derivative of v(k). What is z(4)?
3
Let g(d) = 6*d - 10. Let w(t) = -7*t + 9. Let i(z) = -6*g(z) - 5*w(z). Calculate i(6).
9
Let d(h) = -20*h**2 + 2*h + 2. Let p(k) = 10*k**2 - k - 1. Let x(y) = -3*d(y) - 5*p(y). What is x(-1)?
10
Let n be 2/(-8) + (-22)/8. Let y be (-5)/n + 8/24. Suppose -j + 5 = -y*j. Let x(r) = 2*r + 2. What is x(j)?
-8
Let k(p) = -20*p**2 - 9*p - 13. Let u(f) = 3*f**2 - 5 + 2 - 2*f - 6*f**2 - 2*f**2. Let x(i) = -2*k(i) + 9*u(i). Determine x(-1).
-6
Suppose 0 = -5*v + 2*s + 5, v - 3*v - 2*s + 16 = 0. Suppose 2 - 5 = -v*o. Let c be o + (3 + 0 - 3). Let a(h) = 4*h - 1. Determine a(c).
3
Let o(r) = r**3 + 5*r**2 + r + 5. Let v be (3 - -3)/((-36)/24). What is o(v)?
17
Let y(c) = 3 + 2877*c**3 - 3*c**2 - 2876*c**3 + 1. Give y(4).
20
Let k(v) = -v**3 - 11*v**2 - 9*v + 17. Suppose -4*y = b + 22, -b + 23*y = 28*y + 25. Give k(b).
7
Let u = -157 - -164. Suppose 2*k = -k + 21. Let q(g) = 3*g**2 + k + 3*g**2 - 9*g - 5*g**2. What is q(u)?
-7
Suppose -24*m - 4 = -26*m. Suppose -o = 4*o. Let h(g) = -112*g**2 + 111*g**m + o*g + 5*g. Give h(5).
0
Let h be (30/(-8))/(1/4). Let b(q) = 0 - 14*q + 6 - q**2 + 8. Let p be b(h). Let u(s) = -5*s. Calculate u(p).
5
Suppose 3*o - 5*o = n + 13, -4*n = -5*o. Let c(s) be the first derivative of -3*s**2 + s**3 - 5*s + 2 + 1/4*s**4. What is c(o)?
3
Let c(n) = -n**2 + n + 1. Let m(i) = -i**2 + 3*i + 14. Let h(w) = 6*c(w) - m(w). Let u(f) be the first derivative of h(f). What is u(2)?
-17
Let j(d) = -d**3 + 117 + 4*d - 83 - 36 + 3*d**2. Let k(l) = 2*l**3 - 3*l**2 - l + 2. Let t be k(2). Give j(t).
-2
Let r(q) = q**2 + 4*q + 3. Let y = 49 + -40. Suppose 0*w = 3*w + y. Determine r(w).
0
Let k(z) = -z**2 - 6*z + 7. Suppose 2*d = -3*d - 4*c - 55, -5*c = d + 32. Let p be k(d). Let u(g) = 5*g + p*g - 4*g - 2. What is u(0)?
-2
Let i = 20 + -9. Let n = 7 - i. Let m(l) = 11*l**2 + 16*l**2 - 26*l**2 + 0 + 5*l - 2. Give m(n).
-6
Let l(g) be the first derivative of g**2/2 + g + 91. Suppose -2*d - 28 = 5*v, 0*d - 4*v = d + 20. Determine l(d).
-3
Let k(v) = 7*v**2 - 32*v + 19. Let f(g) = 10*g**2 - 46*g + 28. Let q(b) = 5*f(b) - 7*k(b). Give q(3).
-2
Let l(q) = 83*q**3 - 4*q + 100*q**3 - 184*q**3 + 5*q**2. Let i(k) be the second derivative of k**4/12 + k**3/6 + 2*k**2 + k. Let v be i(0). What is l(v)?
0
Let v(a) = 7*a**3 - 1. Suppose -4*r - 5 = -m, 2*m + 2*m - 5*r = 9. What is v(m)?
6
Suppose -48 = 5*o + 4*j, 23*o - 3*j = 22*o - 21. Let k(f) = -2*f**2 - 14*f - 16. Let i(w) = w**2 + w. Let p(n) = i(n) + k(n). Calculate p(o).
-4
Suppose -1 - 32 = -4*m + 5*u, -5 = u. Let w(k) = -4*k - k**3 - 3*k**m - 2*k + 5*k - 2. Give w(-3).
1
Let a(g) = -g**2 + 7*g + 8. Let d be ((-28)/12 + 5)*3. Let v be d - 1/(1/2). Determine a(v).
14
Suppose -4*f - f = -10, -4*t + f = 22. Let x(p) = -9 + 13 + 13*p - 1 - 5*p**2 - p**3 - 18*p. Determine x(t).
28
Suppose 285*i = 287*i - 10. Let a(b) = b**3 - 7*b**2 + 6*b + 4. What is a(i)?
-16
Let j = -420 + 414. Let p(q) = -q**3 - 6*q**2 + q. Calculate p(j).
-6
Let o be 0 - -2 - -3 - 9/1. Let m(p) be the second derivative of -p**3/6 - 7*p**2/2 - 15*p. Determine m(o).
-3
Let v(i) be the third derivative of -17*i**2 + 0 + 0*i - 1/24*i**4 + 1/2*i**3. What is v(-8)?
11
Let k(i) = i**2. Suppose -5*z - 3*r = -4*r - 29, -5*r - 25 = -z. Suppose z = 2*c - c. Suppose p + c*b + 12 = -3*p, -5*p + 14 = -b. Give k(p).
4
Let p(t) = 5*t + 24. Let s be (9 - 11)*(-10)/(-4). Let u be p(s). Let c(w) = w + 5*w**2 - w + w. Calculate c(u).
4
Let k(l) = l - 1. Let y be k(-8). Let v be -1 - y/(-1) - (-2 + 0). Let m(c) = -c**3 - 8*c**2 + 2*c + 11. Give m(v).
-5
Let f(g) = -g + 9*g + 3*g + g + 1. Give f(-1).
-11
Let b(i) = 2*i**2 + i - 5*i + 6*i - i. Let q(s) = -5*s**2 - 11*s - 3. Let v(a) = -3*b(a) - q(a). Calculate v(9).
-6
Let d(r) be the first derivative of -5*r**2/2 - 2. Let l be d(1). Let j(u) be the third derivative of u**4/12 + 7*u**3/6 + 10*u**2. Determine j(l).
-3
Let z be 100/5*((-11)/4)/(-11). Let h(u) = -6*u**2 + 2*u + 7 + 3*u**3 - 2*u**3 + 0*u**3. Give h(z).
-8
Let f(r) = r**2 - 2*r - 2. Let a = 73 - 68. What is f(a)?
13
Let c be (1*-4)/(140/(-245)). Let h be (-6)/(-4) - (-3)/(-6). Suppose 0 = p - h + c. Let x(v) = 3*v + 2. What is x(p)?
-16
Let l(a) = -7*a + 4. Let y(i) = -i + 1. Let h(z) = -l(z) + 6*y(z). Let u = 62 + -60. Suppose 4*q = -5*d - 20, -3*d + 7 = -q + u. What is h(d)?
2
Let l(g) = -2*g + 1. Let i be (2*(-28)/(-16))/((-9)/18). What is l(i)?
15
Let k be (-18)/12*(-4)/3. Let v(p) = 9*p**k - 2*p**3 + p**3 - 4*p + 1 - 4*p**2. Suppose c - 4 = 2*f, -f - 15 = -2*c - 7. What is v(c)?
1
Suppose -8*o + 4 = -4*o, -3*w - 5*o + 5 = 0. Suppose 2 = -j - w. Let i(a) = 5*a + 1. Let x(r) = -4*r - 1. Let h(y) = -5*i(y) - 6*x(y). Give h(j).
3
Suppose -16 = 5*b + u, 3*u + 5 = -b + 13. Let q(w) = 4*w + 2. Determine q(b).
-14
Let t(k) = 0*k**2 + 2*k**2 - 3*k**2. Let x(o) = o**2 - 2*o - 2. Let l be x(-1). Let j(u) = -2*u**2 + 2*u. Let y(p) = l*t(p) - j(p). Give y(3).
3
Let r(v) = -v**3 - 7*v**2 - 7*v - 6. Let i be (8 + -9)/(-1 - 0). Let d(a) = -2*a. Let n be d(i). Let j be 2/4 + 13/n. What is r(j)?
0
Let l(f) = -2*f + 8. Let s(d) = -8*d + 21. Let b(m) = -7*l(m) + 2*s(m). Determine b(-6).
-2
Suppose -w - n - 4 = 0, 0 = -3*w + 37*n - 34*n - 18. Let p(b) = b**2 - 2. What is p(w)?
23
Let n(k) = -25*k**2 - k + 1. Let f be n(1). Let a = f - -30. Let z(p) = 3*p + 0*p + 4 + 2 - p**2. Calculate z(a).
-4
Let y(p) = 31. Let w(z) = -z - 90. Let k(d) = -3*w(d) - 8*y(d). Give k(-9).
-5
Let c be (-8)/6*(-5 - -2). Suppose -2 = -c*l + t - 2*t, 0 = t - 2. Let p(d) be the first derivative of d**2/2 + 379. What is p(l)?
0
Let i(x) = -x**3 - x**2 + x - 4. Suppose 0 = 3*c - 0*u - 2*u - 2, -4*c = 5*u + 5. What is i(c)?
-4
Suppose -u + 2 = -0*u. Suppose 3*w - 3*l = -6*l + 12, 4*w - 24 = -u*l. Let b(s) = -s + 2. What is b(w)?
-6
Let x(c) be the first derivative of 1/3*c**3 + 7/2*c**2 - 7 - 2*c. Give x(-8).
6
Let f(m) = m**3 + 7*m**2 + 9*m + 22. Let z(p) = -p**3 + 15*p**2 + 33*p + 11. Let q be z(17). Calculate f(q).
4
Let t(x) = 15*x - 1. Let z(i) = 8*i - 1. Let j(w) = -4*t(w) + 7*z(w). Let v(d) = d - 1. Suppose -3*b + 4 = b. Let n(s) = b*j(s) + 5*v(s). Give n(6).
-2
Let g(z) = -2*z - 5. Suppose 0 = 2*f + b, -f + 9*b - 11*b = -6. Let k(n) = n - 1. Let m(o) = f*k(o) + g(o). Give m(-2).
5
Let a(j) be the third derivative of j**5/60 + j**4/8 - j**3/2 - 2*j**2 + 9*j - 10. Let b be (-2)/3*(-39)/2. Let n = b - 18. Calculate a(n).
7
Suppose 564 = -46*t - t. Let v(j) = j + 17. Determine v(t).
5
Let v(d) = -d**2 + 8*d + 9. Let a(s) = s. Let i(j) = 2*a(j) - v(j). Let h be 49/(-735) + 121/15. Determine i(h).
7
Let b(p) be the second derivative of p**4/8 - p**3/3 - 29*p**2/2 - 11*p. Let v(c) be the first derivative of b(c). Give v(-2).
-8
Let u(a) = 3*a + 5. Let l be u(-3). Let n(g) be the third derivative of 4*g**2 - 1/3*g**3 + 1/120*g**6 + 0*g - 5/24*g**4 + 1/30*g**5 + 0. Calculate n(l).
-14
Let d(o) = o**2 - 6*o - 10. Let k = -285 + 292. What is d(k)?
-3
Let s(x) be the third derivative of 19*x**2 - 2 + 0*x**3 + 1/60*x**5 + 0*x**4 + 1/24*x**6 + 0*x. Give s(1).
6
Let q(m) = 409 - 3*m + 4*m - 427. Calculate q(12).
-6
Let r(h) be the second derivative of h**5/20 - h**4/12 - h**3/6 - 7*h**2 + 313*h. Determine r(0).
-14
Let i(t) = -t**3 - 6*t**2 + 8*t. Let p = -10 + 15. Let l = 32 - 27. Suppose -l*z = j + 32, p*z - 3*j + 44 = -0*z. Calculate i(z).
-7
Let w be 3*6/27*(-54)/(-4). Let y(u) be the first derivative of u**4/4 - 8*u**3/3 - 9*u**2/2 + 9*u + 76. Determine y(w).
9
Let w(x) = 9*x**2 + x. Suppose -3*y = 4*o - 3 - 14, 0 = -2*o + 10. Determine w(y).
8
Let r(y) = -y + 42*y**2 - 18*y**2 - 10*y**2 - 18 - 15*y**2. What is r(0)?
-18
Let u(p) = -22 - 5*p + p + 9 + 9 - 6*p. Determine u(3).
-34
Let s(u) = u**2 - 8*u - 21. Let o be s(10). Let b(h) = 1 - 7*h - 3 + 1. What